t is 3a431a (base 13) in base 3?
2122120112001
What is -1221022020 (base 3) in base 6?
-452310
Convert 3866d (base 16) to base 4.
320121231
1411480 (base 10) to base 6
50130344
What is 47074 (base 15) in base 11?
144a78
-161 (base 11) to base 14
-d6
-5cc639 (base 13) to base 15
-2deb18
-21121313120 (base 4) to base 16
-259dd8
Convert -112510213 (base 6) to base 4.
-13333001001
Convert -2414736 (base 8) to base 4.
-2201213132
Convert 56112 (base 12) to base 4.
123320132
What is 6087712 (base 9) in base 5?
1312344230
101421143 (base 5) to base 3
210100100222
What is -243144132 (base 5) in base 13?
-311c9a
What is -11c892b (base 13) in base 5?
-2410404333
Convert -21626 (base 14) to base 10.
-80786
31812255 (base 9) to base 8
72461713
What is 252a (base 13) in base 2?
1010010011011
Convert 122102003 (base 4) to base 5.
11421101
What is -1398570 (base 13) in base 3?
-102200211002110
Convert -1402412 (base 6) to base 2.
-10011001000001000
What is 4458207 (base 11) in base 5?
4000031200
Convert 222121000212 (base 3) to base 8.
1776265
What is a8162 (base 15) in base 11?
334971
Convert 2100807 (base 9) to base 7.
12353563
What is -141034212 (base 5) in base 7?
-6062400
What is 102002130020 (base 4) in base 13?
c973a3
Convert -536751 (base 8) to base 15.
-38394
Convert 60233 (base 15) to base 6.
10304320
72305 (base 9) to base 4
23220101
What is 2434655 (base 8) in base 2?
10100011100110101101
d225 (base 15) to base 7
243221
What is -111667 (base 11) in base 14?
-48b38
Convert 233124553 (base 6) to base 11.
2501618
What is 1202031111 (base 5) in base 10?
2767656
20122131 (base 7) to base 15
22e9bc
What is -2ab2c (base 16) in base 10?
-174892
163243410 (base 7) to base 4
222112303200
What is 102420252 (base 6) in base 3?
10101210100212
Convert 3306440 (base 7) to base 9.
677402
What is 25043412 (base 6) in base 5?
201033021
Convert 24630310 (base 7) to base 16.
21f6d9
-3203221 (base 4) to base 3
-201222121
What is 36042223 (base 7) in base 8?
14120360
Convert -352311 (base 8) to base 6.
-2323333
Convert -d0ba1 (base 15) to base 8.
-2412417
-1712649 (base 12) to base 15
-63d416
Convert -4863650 (base 10) to base 14.
-908678
-8b9490 (base 12) to base 8
-10415154
-652470 (base 9) to base 13
-10805a
Convert -20000012010 (base 3) to base 7.
-1001466
What is 2814a59 (base 11) in base 3?
100010112202012
What is -a49534 (base 12) in base 15?
-361a51
What is 442871 (base 11) in base 9?
1286083
Convert 3304546 (base 7) to base 6.
12403031
What is 4213420 (base 5) in base 7?
410450
13b (base 14) to base 3
100020
Convert -111000101011001000 (base 2) to base 3.
-102210102122
What is -17772372 (base 8) in base 15?
-57bdc2
1623241 (base 7) to base 6
4451041
Convert -41523 (base 6) to base 14.
-2079
101001110101011 (base 2) to base 11
15102
Convert 675341 (base 13) to base 12.
997712
What is 91734 (base 15) in base 6?
13512304
-1cce60 (base 15) to base 4
-11120120313
Convert 11231332032 (base 4) to base 13.
4063c5
What is b7a55 (base 13) in base 8?
1207056
Convert -37b8c1 (base 15) to base 9.
-5021671
Convert -250088 (base 9) to base 15.
-2eb08
Convert 2766 (base 12) to base 16.
11be
Convert 194a98 (base 11) to base 15.
5dae1
Convert 411514 (base 6) to base 2.
1000000000100110
What is 101001011120000 (base 3) in base 12?
1954946
What is 994694 (base 14) in base 16?
4f526a
What is -686b (base 13) in base 4?
-3210133
9100c0 (base 13) to base 4
30312311302
What is -c4538 (base 14) in base 7?
-4010001
5d44a (base 14) to base 6
4522202
Convert -451141211 (base 6) to base 13.
-19044b2
-32200110200 (base 4) to base 3
-21011011220122
Convert -1333333223 (base 5) to base 10.
-3417938
What is -10242030 (base 5) in base 12?
-42518
87cba0 (base 13) to base 16
30cea0
Convert -4ecd1 (base 16) to base 4.
-1032303101
-140919 (base 13) to base 5
-111041310
-1122021002 (base 3) to base 9
-48232
-200200020121 (base 3) to base 9
-620217
5771103 (base 11) to base 8
46371220
What is -40412333 (base 6) in base 3?
-2011120012210
530b43 (base 13) to base 10
1944062
What is 5d389d (base 14) in base 15?
432a62
Convert 1459c29 (base 13) to base 12.
2204066
Convert 117043 (base 11) to base 12.
8b114
What is 33123330200 (base 4) in base 2?
1111011011111100100000
What is 1232020230 (base 4) in base 2?
1101110001000101100
Convert 8062096 (base 10) to base 16.
7b0490
-330000134 (base 5) to base 3
-2122110001222
What is -1d80d (base 14) in base 11?
-51940
Convert -11401333 (base 6) to base 5.
-42424131
1232661 (base 7) to base 3
22002210000
What is 40542050 (base 6) in base 4?
10130033232
318996 (base 10) to base 5
40201441
121002 (base 12) to base 7
2324261
2110022120 (base 3) to base 5
3021340
What is 25aa6 (base 14) in base 11?
63685
Convert 567cb5 (base 14) to base 10.
2941335
What is -13211020022 (base 4) in base 9?
-3657678
6e25a0 (base 16) to base 12
2501514
What is -4113b (base 13) in base 16?
-1c7b4
ab5ec4 (base 15) to base 4
133022311102
What is 211021111011022 (base 3) in base 2?
101101001010011001100100
What is -1874726 (base 9) in base 12?
-429643
3014031400 (base 5) to base 14
b234d6
Convert 318fe8 (base 16) to base 7.
36415456
a617cc (base 14) to base 6
320150132
What is 10101111011010000011 (base 2) in base 16?
af683
What is 293162 (base 10) in base 9?
486125
What is 1220021102 (base 4) in base 12?
186a42
2202111210210 (base 3) to base 16
1660ef
505275 (base 12) to base 7
13436402
Convert 67841 (base 11) to base 3.
11222200011
1344332142 (base 5) to base 11
1a89306
1132313003 (base 4) to base 16
5edc3
-615441 (base 8) to base 4
-301230201
10101121221 (base 3) to base 14
1a4b2
1041045 (base 6) to base 4
30231311
Convert 302204144 (base 6) to base 8.
23507740
112100010012112 (base 3) to base 6
431152105
79305a2 (base 11) to base 15
13470a1
What is -1071c (base 15) in base 11?
-3626a
What is -21202220021110 (base 3) in base 4?
-33300221310
Convert 47636 (base 8) to base 15.
608c
a372a9 (base 12) to base 3
11211012211110
Convert 40103545 (base 7) to base 15.
456641
What is -20232002 (base 4) in base 10?
-35714
-1103301331 (base 4) to base 6
-11204421
1617390 (base 10) to base 7
16514265
Convert 12732032 (base 8) to base 6.
141215550
What is 6e7d (base 16) in base 9?
42717
-10c09 (base 13) to base 2
-111011110000110
Convert -9da4a (base 14) to base 6.
-12115110
Convert 1000101011111001010000 (base 2) to base 12.
919814
Convert 4214302 (base 5) to base 10.
69952
Convert 410042412 (base 5) to base 2.
110010001001111011010
550255 (base 8) to base 6
3542045
-546735 (base 11) to base 14
-18a070
103300200 (base 4) to base 9
133010
What is -3656130 (base 7) in base 2?
-1110010001111010010
What is -126316441 (base 7) in base 16?
-7cb556
Convert -24455 (base 10) to base 13.
-b192
Convert -104024014 (base 5) to base 6.
-13425540
What is -24b1a64 (base 12) in base 7?
-115121164
101000110011212 (base 3) to base 12
1948735
Convert 415c3 (base 15) to base 2.
110010100101001111
What is 4300423 (base 5) in base 14?
1c340
13566b (base 16) to base 10
1267307
What is -121102010012022 (base 3) in base 8?
-41212753
-4b03d (base 14) to base 13
-65925
What is 53374 (base 9) in base 13?
130b7
What is -151669 (base 11) in base 5?
-30031023
Convert -384555 (base 10) to base 12.
-166663
What is 21033011123 (base 4) in base 11?
1403aa5
What is -608a749 (base 11) in base 13?
-22c9ba6
Convert 94155 (base 10) to base 12.
465a3
What is -10100112002 (base 3) in base 11?
-45641
Convert -745fcd (base 16) to base 5.
-3423023301
What is -878623 (base 9) in base 8?
-2000562
-b38d9 (base 14) to base 7
-3451062
-144231020 (base 7) to base 10
-9570743
What is 21001110121 (base 3) in base 16?
21e62
-332a17 (base 16) to base 9
-6270538
-111000101011001111010 (base 2) to base 12
-7568a2
-c1c42a (base 13) to base 5
-2123324103
-1ba226 (base 14) to base 3
-1212012122110
What is -5a417 (base 14) in base 4?
-311302211
Convert -133211130 (base 4) to base 16.
-1f95c
What is 1181673 (base 10) in base 12?
48ba09
Convert 73266 (base 11) to base 12.
51976
Convert -5a21c (base 15) to base 10.
-287352
Convert -3324044 (base 5) to base 2.
-1110001010101000
What is -120113313 (base 4) in base 14?
-2854b
-1443254 (base 6) to base 10
-83698
What is -767c (base 15) in base 2?
-110001000000100
102313220010 (base 4) to base 16
4b7a04
9009434 (base